{"id":26,"date":"2016-09-27T17:01:24","date_gmt":"2016-09-27T15:01:24","guid":{"rendered":"http:\/\/efficience-i.fr\/efficiencewp\/?page_id=26"},"modified":"2024-10-11T10:01:08","modified_gmt":"2024-10-11T08:01:08","slug":"comment","status":"publish","type":"page","link":"https:\/\/www.efficience-i.fr\/index.php\/comment\/","title":{"rendered":"Comment ?"},"content":{"rendered":"<h4 style=\"text-align: center;\"><span style=\"color: #2c5993;\"><strong>La r\u00e9currence des interventions !<\/strong><\/span><\/h4>\n<h5 style=\"text-align: center;\"><span style=\"color: #2c5993;\">Nous pr\u00f4nons la m\u00e9decine chinoise\u00a0: consulter avant d&rsquo;\u00eatre malade !<\/span><\/h5>\n<p style=\"text-align: center;\"><img loading=\"lazy\" decoding=\"async\" class=\"size-medium wp-image-137 aligncenter\" src=\"https:\/\/www.efficience-i.fr\/wp-content\/uploads\/2016\/12\/Zen-300x180.jpg\" alt=\"\" width=\"300\" height=\"180\" srcset=\"https:\/\/www.efficience-i.fr\/wp-content\/uploads\/2016\/12\/Zen-300x180.jpg 300w, https:\/\/www.efficience-i.fr\/wp-content\/uploads\/2016\/12\/Zen-768x461.jpg 768w, https:\/\/www.efficience-i.fr\/wp-content\/uploads\/2016\/12\/Zen.jpg 894w\" sizes=\"auto, (max-width: 300px) 100vw, 300px\" \/><\/p>\n<p><strong>Les interventions r\u00e9guli\u00e8res et planifi\u00e9es de nos intervenants<\/strong>, vous permettent de b\u00e9n\u00e9ficier d&rsquo;un vrai responsable informatique qui conna\u00eet votre entreprise et anticipe vos besoins. Ce n&rsquo;est pas un prestataire qui vous accompagne mais un membre de votre \u00e9quipe.<\/p>\n<p><strong>L\u2019int\u00e9gration du responsable informatique au sein de la structure<\/strong> permet de faire de celui-ci un v\u00e9ritable acteur de r\u00e9ussite dans l\u2019entreprise. Sa connaissance du m\u00e9tier de l\u2019entreprise lui permet d\u2019\u00eatre pr\u00e9curseur dans les propositions et d\u2019anticiper l\u2019\u00e9volution des besoins.<\/p>\n<p><strong>La multitude de comp\u00e9tences au sein de l\u2019\u00e9quipe Efficience i<\/strong> et sa pr\u00e9sence forte chez les diff\u00e9rents clients lui permet de garder un bon niveau technique et de toujours trouver les appuis n\u00e9cessaires face aux nouveaux projets.<\/p>\n<p><strong>L\u2019ind\u00e9pendance vis-\u00e0-vis des fournisseurs et \u00e9diteurs du march\u00e9<\/strong> vous permet de d\u00e9l\u00e9guer vos syst\u00e8mes en toute confiance.<\/p>\n<p><strong>Anticipation des risques, gestion de l&rsquo;existant, sauvegardes, installations, formation utilisateur, management<\/strong> des intervenants ext\u00e9rieurs, <strong>votre intervenant EFFICIENCE i<\/strong>, s&rsquo;occupera de tout,\u00a0lib\u00e9rant votre temps\u00a0pour vous consacrer \u00e0 votre m\u00e9tier. <span style=\"color: #2c5993;\"><strong>Etre client, au quotidien, c&rsquo;est b\u00e9n\u00e9ficier d&rsquo;une m\u00e9thode rationalis\u00e9e.<\/strong><\/span><\/p>\n<p><strong>Un co\u00fbt rationalis\u00e9 et mesur\u00e9<\/strong> : Nos interventions planifi\u00e9es tout au long de l&rsquo;ann\u00e9e nous permettent de maitriser nos co\u00fbts. <strong>Pour vous<\/strong>,\u00a0c&rsquo;est de la clart\u00e9, <strong>vous savez combien vous allez d\u00e9penser annuellement dans la prestation informatique<\/strong>.<\/p>\n","protected":false},"excerpt":{"rendered":"<p>La r\u00e9currence des interventions ! Nous pr\u00f4nons la m\u00e9decine chinoise\u00a0: consulter avant d&rsquo;\u00eatre malade ! Les interventions r\u00e9guli\u00e8res et planifi\u00e9es de nos intervenants, vous permettent de b\u00e9n\u00e9ficier d&rsquo;un vrai responsable informatique qui conna\u00eet votre entreprise et anticipe vos besoins. Ce n&rsquo;est pas un prestataire qui vous accompagne mais un membre de votre \u00e9quipe. L\u2019int\u00e9gration du responsable informatique au sein de la structure permet de faire [&hellip;]<\/p>\n","protected":false},"author":1,"featured_media":0,"parent":0,"menu_order":0,"comment_status":"closed","ping_status":"closed","template":"","meta":{"footnotes":""},"class_list":["post-26","page","type-page","status-publish","hentry"],"_links":{"self":[{"href":"https:\/\/www.efficience-i.fr\/index.php\/wp-json\/wp\/v2\/pages\/26","targetHints":{"allow":["GET"]}}],"collection":[{"href":"https:\/\/www.efficience-i.fr\/index.php\/wp-json\/wp\/v2\/pages"}],"about":[{"href":"https:\/\/www.efficience-i.fr\/index.php\/wp-json\/wp\/v2\/types\/page"}],"author":[{"embeddable":true,"href":"https:\/\/www.efficience-i.fr\/index.php\/wp-json\/wp\/v2\/users\/1"}],"replies":[{"embeddable":true,"href":"https:\/\/www.efficience-i.fr\/index.php\/wp-json\/wp\/v2\/comments?post=26"}],"version-history":[{"count":17,"href":"https:\/\/www.efficience-i.fr\/index.php\/wp-json\/wp\/v2\/pages\/26\/revisions"}],"predecessor-version":[{"id":293,"href":"https:\/\/www.efficience-i.fr\/index.php\/wp-json\/wp\/v2\/pages\/26\/revisions\/293"}],"wp:attachment":[{"href":"https:\/\/www.efficience-i.fr\/index.php\/wp-json\/wp\/v2\/media?parent=26"}],"curies":[{"name":"wp","href":"https:\/\/api.w.org\/{rel}","templated":true}]}}