{"id":24,"date":"2016-09-27T17:01:12","date_gmt":"2016-09-27T15:01:12","guid":{"rendered":"http:\/\/efficience-i.fr\/efficiencewp\/?page_id=24"},"modified":"2024-10-11T10:04:45","modified_gmt":"2024-10-11T08:04:45","slug":"pour-qui","status":"publish","type":"page","link":"https:\/\/www.efficience-i.fr\/index.php\/pour-qui\/","title":{"rendered":"Pour qui ?"},"content":{"rendered":"<h4 style=\"text-align: center;\"><span style=\"color: #2c5993;\"><strong>Pour tous !<\/strong> C&rsquo;est le maitre mot.<\/span><\/h4>\n<p style=\"text-align: center;\"><span style=\"color: #2c5993;\"><b style=\"color: #2c5993;\">Actifs en <\/b><span style=\"color: #2c5993;\"><b>Ile-de-France<\/b><\/span><b style=\"color: #2c5993;\"> et Rh\u00f4ne-Alpes, nos intervenants sont des g\u00e9n\u00e9ralistes<\/b><span style=\"color: #2c5993;\">, ils sont aptes \u00e0 s&rsquo;int\u00e9grer dans tout type de structure.<\/span><\/span><\/p>\n<p>Bien entendu, ils ont tous des points d&rsquo;int\u00e9r\u00eats diff\u00e9rents et peuvent \u00eatre plus\u00a0comp\u00e9tents dans un domaine particulier. C&rsquo;est ce qui fait la force de <strong>l&rsquo;\u00e9quipe EFFICIENCE i !<\/strong><\/p>\n<p>L&rsquo;intervenant n&rsquo;est pas livr\u00e9 \u00e0 lui-m\u00eame, il peut se reposer sur l&rsquo;\u00e9quipe et\u00a0s&rsquo;affranchit\u00a0ainsi de l&rsquo;isolement technique du technicien interne.<\/p>\n<p><img loading=\"lazy\" decoding=\"async\" class=\"size-medium wp-image-133 aligncenter\" src=\"https:\/\/www.efficience-i.fr\/wp-content\/uploads\/2016\/12\/Equipe-300x243.jpg\" alt=\"\" width=\"300\" height=\"243\" srcset=\"https:\/\/www.efficience-i.fr\/wp-content\/uploads\/2016\/12\/Equipe-300x243.jpg 300w, https:\/\/www.efficience-i.fr\/wp-content\/uploads\/2016\/12\/Equipe-768x623.jpg 768w, https:\/\/www.efficience-i.fr\/wp-content\/uploads\/2016\/12\/Equipe.jpg 769w\" sizes=\"auto, (max-width: 300px) 100vw, 300px\" \/><\/p>\n<h4 style=\"text-align: center;\"><span style=\"color: #2c5993;\"><strong>Nos clients sont de tous secteurs d&rsquo;activit\u00e9s, gr\u00e2ce \u00e0 eux, nous apprenons tous les jours.<\/strong><\/span><\/h4>\n<p style=\"text-align: center;\"><strong>EFFICIENCE i<\/strong> propose donc la pr\u00e9sence d\u2019un responsable informatique adapt\u00e9e en termes de temps et de comp\u00e9tences afin de permettre aux dirigeants de v\u00e9ritablement d\u00e9l\u00e9guer la gestion de son service informatique en toute confiance.<\/p>\n","protected":false},"excerpt":{"rendered":"<p>Pour tous ! C&rsquo;est le maitre mot. Actifs en Ile-de-France et Rh\u00f4ne-Alpes, nos intervenants sont des g\u00e9n\u00e9ralistes, ils sont aptes \u00e0 s&rsquo;int\u00e9grer dans tout type de structure. Bien entendu, ils ont tous des points d&rsquo;int\u00e9r\u00eats diff\u00e9rents et peuvent \u00eatre plus\u00a0comp\u00e9tents dans un domaine particulier. C&rsquo;est ce qui fait la force de l&rsquo;\u00e9quipe EFFICIENCE i ! L&rsquo;intervenant n&rsquo;est pas livr\u00e9 \u00e0 lui-m\u00eame, il peut se reposer [&hellip;]<\/p>\n","protected":false},"author":1,"featured_media":0,"parent":0,"menu_order":0,"comment_status":"closed","ping_status":"closed","template":"","meta":{"footnotes":""},"class_list":["post-24","page","type-page","status-publish","hentry"],"_links":{"self":[{"href":"https:\/\/www.efficience-i.fr\/index.php\/wp-json\/wp\/v2\/pages\/24","targetHints":{"allow":["GET"]}}],"collection":[{"href":"https:\/\/www.efficience-i.fr\/index.php\/wp-json\/wp\/v2\/pages"}],"about":[{"href":"https:\/\/www.efficience-i.fr\/index.php\/wp-json\/wp\/v2\/types\/page"}],"author":[{"embeddable":true,"href":"https:\/\/www.efficience-i.fr\/index.php\/wp-json\/wp\/v2\/users\/1"}],"replies":[{"embeddable":true,"href":"https:\/\/www.efficience-i.fr\/index.php\/wp-json\/wp\/v2\/comments?post=24"}],"version-history":[{"count":18,"href":"https:\/\/www.efficience-i.fr\/index.php\/wp-json\/wp\/v2\/pages\/24\/revisions"}],"predecessor-version":[{"id":297,"href":"https:\/\/www.efficience-i.fr\/index.php\/wp-json\/wp\/v2\/pages\/24\/revisions\/297"}],"wp:attachment":[{"href":"https:\/\/www.efficience-i.fr\/index.php\/wp-json\/wp\/v2\/media?parent=24"}],"curies":[{"name":"wp","href":"https:\/\/api.w.org\/{rel}","templated":true}]}}

<h4 style="text-align: center;"><span style="color: #2c5993;"><strong>Pour tous !</strong> C&rsquo;est le maitre mot.</span></h4>
<p style="text-align: center;"><span style="color: #2c5993;"><b style="color: #2c5993;">Actifs en </b><span style="color: #2c5993;"><b>Ile-de-France</b></span><b style="color: #2c5993;"> et Rhône-Alpes, nos intervenants sont des généralistes</b><span style="color: #2c5993;">, ils sont aptes à s&rsquo;intégrer dans tout type de structure.</span></span></p>
<p>Bien entendu, ils ont tous des points d&rsquo;intérêts différents et peuvent être plus compétents dans un domaine particulier. C&rsquo;est ce qui fait la force de <strong>l&rsquo;équipe EFFICIENCE i !</strong></p>
<p>L&rsquo;intervenant n&rsquo;est pas livré à lui-même, il peut se reposer sur l&rsquo;équipe et s&rsquo;affranchit ainsi de l&rsquo;isolement technique du technicien interne.</p>
<p><img loading="lazy" decoding="async" class="size-medium wp-image-133 aligncenter" src="https://www.efficience-i.fr/wp-content/uploads/2016/12/Equipe-300x243.jpg" alt="" width="300" height="243" srcset="https://www.efficience-i.fr/wp-content/uploads/2016/12/Equipe-300x243.jpg 300w, https://www.efficience-i.fr/wp-content/uploads/2016/12/Equipe-768x623.jpg 768w, https://www.efficience-i.fr/wp-content/uploads/2016/12/Equipe.jpg 769w" sizes="auto, (max-width: 300px) 100vw, 300px" /></p>
<h4 style="text-align: center;"><span style="color: #2c5993;"><strong>Nos clients sont de tous secteurs d&rsquo;activités, grâce à eux, nous apprenons tous les jours.</strong></span></h4>
<p style="text-align: center;"><strong>EFFICIENCE i</strong> propose donc la présence d’un responsable informatique adaptée en termes de temps et de compétences afin de permettre aux dirigeants de véritablement déléguer la gestion de son service informatique en toute confiance.</p>

<p>Pour tous ! C&rsquo;est le maitre mot. Actifs en Ile-de-France et Rhône-Alpes, nos intervenants sont des généralistes, ils sont aptes à s&rsquo;intégrer dans tout type de structure. Bien entendu, ils ont tous des points d&rsquo;intérêts différents et peuvent être plus compétents dans un domaine particulier. C&rsquo;est ce qui fait la force de l&rsquo;équipe EFFICIENCE i ! L&rsquo;intervenant n&rsquo;est pas livré à lui-même, il peut se reposer [&hellip;]</p>
